w - 681. Is k composite?
False
Suppose -2*q + 5*x + 16006 = -1855, 5*x = -3*q + 26754. Is q composite?
False
Let p(w) = -7*w - 8. Let b be p(-3). Suppose 0 = 6*m - b - 29. Is (-3 - 2)/(m/(-77)) composite?
True
Let q be 3/((-22)/(-8) + -2). Suppose v + 6 = -3*w, -v - q*w - 2 = 2. Is (-15 - v) + 1*214 composite?
False
Let x(n) = 1214*n - 11. Let i(u) = -u**2 - 20*u + 24. Let o be i(-21). Is x(o) prime?
True
Let t = 16616 - 8682. Is t a prime number?
False
Is (-115 - -114)*(-1)/((-1)/(-7039)) a prime number?
True
Let p(q) = -78*q + 468. Let l be p(6). Let m = -2 + 7. Suppose l = -m*h + 1009 - 4. Is h a composite number?
True
Let r be 556/(-8)*(4 - -26). Let n = r - -1343. Let j = 2435 + n. Is j prime?
True
Let m(p) = -419*p + 89. Is m(-6) a prime number?
False
Let n = 18 - 18. Suppose 3*q - 8*q + 205 = n. Let v = 100 - q. Is v a composite number?
False
Let q = -55 + 52. Let u(h) = -3*h**3 + 3*h**2 - 10*h - 6. Let z(r) = 5*r**3 - 4*r**2 + 15*r + 9. Let w(c) = -7*u(c) - 5*z(c). Is w(q) composite?
True
Is 0 + 3 + 6 + (-222768)/(-9) a composite number?
True
Suppose -189 = -g + 117. Suppose y = -0*y - 3*h + 11, 0 = -y + 2*h + 1. Suppose 719 = y*v - g. Is v a composite number?
True
Let n(d) = -d**3 + 8*d**2 + 46*d + 45. Is n(-10) a prime number?
False
Suppose -g - 5 = 0, -3*g + 5685 = 5*h - g. Is h composite?
True
Let a = 8834 - 2641. Is a a composite number?
True
Is 7315 - (-4 + 40/4) prime?
True
Suppose 32*k = 117461 + 35019. Is k prime?
False
Let l be 68/20 + (-9)/(-15). Suppose l*f + 0*f - w - 825 = 0, 2*w = 2*f - 420. Is f a composite number?
True
Let y(w) = 6*w**2 - 2*w**2 - 69*w - 17 - 2*w**3 + 60*w. Is y(-4) prime?
True
Is -3*(-16)/(-24) - 16298/(-2) prime?
True
Let m(h) = -h**3 + 4*h**2 + 2. Let z(c) = c + 7. Let a be z(-4). Let w be m(a). Suppose b = w + 15. Is b a prime number?
False
Let b(f) = -529*f**3 + f**2 + f + 1. Let c = 21 + -22. Let p be b(c). Is (1 - 2)/((-2)/p) a prime number?
False
Suppose -18*q - 93 = 87. Let c = q - -2253. Is c a composite number?
False
Suppose 4*z = 5*a + 14447, z + 18064 = 6*z - a. Is z composite?
False
Let a(y) = -y + 17. Let w be a(12). Suppose w*t = -407 - 713. Let z = -127 - t. Is z prime?
True
Let x = -595 - -1145. Let u = x + 327. Is u composite?
False
Is 301 + 4 - 1 - (-6 - -3) a composite number?
False
Let y(c) be the third derivative of 0 + 0*c - c**2 + 7/30*c**5 - 7/24*c**4 - 5/6*c**3. Is y(-6) a composite number?
False
Let u = -54 + 57. Suppose 308 + 139 = u*n. Is n a composite number?
False
Let w(n) = -3*n**2 - 15*n + 5. Let u be w(-5). Suppose 2*m - 778 = 5*t, 3*m + 0*t - 1117 = -u*t. Is m composite?
False
Suppose -3*y + 10565 = 6*d - 5*d, -5*y = -3*d - 17599. Suppose -579 + y = 2*g. Is g composite?
False
Let j(u) = 4*u**2 - 7*u - 2. Suppose -3*h - 2*h + 160 = 0. Suppose -4*g + 12 = h. Is j(g) composite?
True
Let l = -21 + 26. Let q(d) = 58*d**3 - d - 6. Let i(a) = -58*a**3 + 2*a + 7. Let j(u) = l*q(u) + 4*i(u). Is j(1) a composite number?
False
Suppose -12*p + 41371 = -p. Is p a prime number?
True
Let t = 14 - 5. Suppose t*l = 4*l + 6410. Let y = -755 + l. Is y composite?
True
Let a be 7*((-3)/3)/(-1). Suppose -a*m + 1082 = -5*m. Is m a prime number?
True
Let b = -3 + 4. Let a(h) be the first derivative of 147*h**2 - h + 57. Is a(b) a prime number?
True
Suppose -21*j + 41*j = 10420. Is j a prime number?
True
Let n be (-15 + 0)/5 + 8531. Suppose -n = -5*q + 25457. Is q a prime number?
False
Let c(d) = 22*d - 15. Let b be (7/(-21))/((-1)/30). Is c(b) prime?
False
Let r = -387 - -876. Suppose 5*c - r = 2*c. Suppose -5*s + c = -2*l, -4*l + l - 74 = -2*s. Is s prime?
True
Let x(s) = 10*s - 13. Let r(y) = y**2 + 2*y - 6. Let t be r(-5). Let a be 4/6 - (-75)/t. Is x(a) composite?
True
Let r = 30 - 25. Suppose 4*g - i = -r*i + 24, -3*g = -5*i - 26. Let y(v) = 2*v**3 - 8*v**2 + 5*v. Is y(g) a prime number?
False
Suppose 0 = -4*j + 3*i + 32, -37 = -5*j - 2*i + 5*i. Suppose -105 = -j*a + 55. Suppose 4*p + p + a = w, -4*w = p - 23. Is w a composite number?
False
Let r(j) = 45*j**2 - 5*j - 377. Is r(-24) composite?
True
Suppose -2*b - 180 = 2*f, 3*b - 14 + 373 = -4*f. Let a = 76 - f. Let o = a - -22. Is o prime?
False
Let k = 7 + -3. Suppose 6*r = k*r. Suppose 7*v - 2*v - 635 = r. Is v composite?
False
Let y = 83889 - 49570. Is y a composite number?
False
Let v be (4 - (-1365)/28)/(2/16). Suppose 0 = -3*k, -2*s - 4*k = -k - v. Is s a composite number?
False
Let r be (13 + -12)/(2/(-36)). Is (-2)/(-3) + (-1050)/r prime?
True
Suppose 31*o - 17195 = 50416. Is o a composite number?
True
Suppose 17411 = 18*j - 217183. Is j a prime number?
True
Suppose 8*j + 3*j - 616 = 0. Let r = 147 - j. Is r prime?
False
Suppose -2624 = 3*b + 376. Let y = 949 - b. Is y a prime number?
True
Let g = -807 - -1061. Is g prime?
False
Let o = 19 + -9. Let f(s) = 32*s - 9. Is f(o) a prime number?
True
Suppose 2*r = 17 - 29. Is r/(-4) + (-1966)/(-4) composite?
True
Let i(h) = -58*h**2 - 6*h + 35. Let f be i(6). Let r = f - -3674. Is r prime?
False
Suppose -4*d + 5320 + 6248 = 5*c, 0 = -2*d - 5*c + 5794. Is d a prime number?
True
Let s(r) = r**3 + 8*r**2 + 14*r - 3. Let w be (-2 - 1) + (2 - 5). Let i be s(w). Is (387/i)/(-3)*5 composite?
False
Suppose -4*t = -5*g - 54083, 3*t - 25*g = -23*g + 40557. Is t composite?
True
Let s(z) = -1768*z**3 + z**2 + z - 3. Is s(-2) composite?
False
Let q be (24/2)/((-9)/(-6)). Suppose -7 = -3*l + 3*x - 4, 4*x + 4 = -l. Suppose 4*u + q = 0, l = h - 2*h + 2*u + 113. Is h prime?
True
Is (6/(-8))/(-1) + (-53842)/(-8) prime?
False
Suppose -28758 = -2*r + 2*h, -5*h - 18850 = -r - 4471. Is r composite?
True
Suppose 8*c + 219 = -5. Let y be 4*2*c/8. Let o = y - -51. Is o a prime number?
True
Let u(k) = k - 14. Let a be u(-11). Suppose -5*v + 25 = -3*q, 0 = -2*q - 3*v - 2 - 2. Is (-3312)/(-10) - q/a a composite number?
False
Let o = 983 - 760. Is o a composite number?
False
Let z = 1511 - 344. Is z prime?
False
Suppose -6*d - 8765 = -7*d. Is d prime?
False
Suppose 268 + 494 = 2*z. Suppose p - z = -5*k, p - k + 147 - 540 = 0. Is p prime?
False
Let y(f) be the second derivative of 0 + 7/6*f**4 - 6*f + 2*f**2 - 5/6*f**3. Is y(-3) a composite number?
True
Let v(f) = -2*f**3 + 2*f**2 - 3*f + 13439. Is v(0) composite?
True
Let m = -42 - -64. Is 8386/22 + (-4)/m prime?
False
Let a(n) = -7*n**3 - 6*n - 1. Let p(q) = q**3 + 16*q**2 + q + 13. Let d be p(-16). Is a(d) a prime number?
False
Suppose 0 = q + 3*m - 17218, 2*q - 4*m - 1394 - 32992 = 0. Is q prime?
True
Suppose -88*h = -89*h + 9489. Is h prime?
False
Suppose 9 + 2 = j. Let u be -4*(j/(-2) - -4). Suppose -3*t = -2*z - 253, -2*z = t - u*z - 81. Is t prime?
False
Suppose 4*l - 3*m = 1 + 4, -3*l + 3*m = -3. Suppose -a - d = l*a - 261, -2*a + 174 = -2*d. Is a a prime number?
False
Suppose 0 = 13*g - 7*g + 18. Is g + (930 - (-12)/6) prime?
True
Let x = 380 + -197. Is x a prime number?
False
Let m = 27047 - 17936. Is m composite?
True
Suppose 2 = -s - 3, 20 = -2*p - 4*s. Suppose 5*q + 5*t - 8*t - 5517 = p, 4*q - 2*t - 4412 = 0. Is q a prime number?
False
Let m = -13 + 15. Suppose 1 = m*y + 7. Is ((-15)/(-10))/(y/(-6)) composite?
False
Suppose 26*h - 17588 = 14886. Is h a composite number?
False
Let j = -31 + 26. Let t(y) = 10*y**2 - 2*y + 3. Is t(j) prime?
True
Suppose -3982*x = -3993*x + 1088417. Is x a prime number?
True
Let x(a) = 9*a**2 - a**2 - 10*a + 4*a**3 - 1 - 2 + 2. Let v(l) = l**3 - 1. Let b(i) = 3*v(i) - x(i). Is b(-11) a composite number?
False
Let o = 497 - 278. Suppose -b - p = -o, -5*b + 456 + 627 = -p. Is b a composite number?
True
Let t = 13 + -8. Suppose 12*i - 2303 = t*i. Is i a prime number?
False
Let j = 520 - 215. Let y be -6 + 8/2*1 + 7. Suppose -j - 85 = -5*a - y*h, -5*a = -5*h - 440. Is a a prime number?
True
Let v = -438 + 639. Suppose 0 = f - 4. Suppose -o = -f*o + v. Is o composite?
False
Suppose 0 = -2*m + 4 + 16. Let d(h) = 11 - 26*h + 4 - m. Is d(-7) prime?
False
Let x be (-12)/(-4) - (-647)/(-1). Let h be (-2 - x) + (5 - 1). Let z = h + 33. Is z composite?
True
Is (0 + 108184/(-48))*-6 a prime number?
True
Suppose 25*z - 12921 = 19354. Is z a composite number?
False
Let t(l) = -117*l - 94. Is t(-19) composite?
False
Suppose -7*h = 2*h - 45. Suppose -k = -w + 866, -h*w - k + 4303 = 3*k. Is w prime?
True
Let f(m) be the first deriva